{"id":462,"date":"2024-01-13T17:27:40","date_gmt":"2024-01-13T16:27:40","guid":{"rendered":"https:\/\/myriamleduffdramatherapeute.fr\/?page_id=462"},"modified":"2025-10-17T06:51:37","modified_gmt":"2025-10-17T04:51:37","slug":"liens","status":"publish","type":"page","link":"https:\/\/myriamleduffdramatherapeute.fr\/index.php\/liens\/","title":{"rendered":"Liens"},"content":{"rendered":"\n<p style=\"text-decoration:underline\"><a href=\"https:\/\/cabinetpediatrieacina.com\/\">CABINET DU DOCTEUR ACINA PEDIATRE<\/a><\/p>\n\n\n\n<p><a href=\"https:\/\/syndicat-arts-therapeutes.com\/\" data-type=\"link\" data-id=\"https:\/\/syndicat-arts-therapeutes.com\/\">SYNDICAT FRAN\u00c7AIS <strong>DES ARTS-TH\u00c9RAPEUTES<\/strong><\/a><\/p>\n\n\n\n<p><a href=\"https:\/\/dramatherapiefrance.wixsite.com\/associationnationale\/about\" data-type=\"link\" data-id=\"https:\/\/dramatherapiefrance.wixsite.com\/associationnationale\/about\">ASSOCIATION&nbsp; NATIONALE&nbsp;DE&nbsp; DRAMATH\u00c9RAPIE<\/a><\/p>\n\n\n\n<p style=\"text-transform:uppercase\"><a href=\"https:\/\/www.sfpeat.com\/\" data-type=\"link\" data-id=\"https:\/\/www.sfpeat.com\/\">Soci\u00e9t\u00e9 Fran\u00e7aise de Psychopathologie de l&rsquo;Expression et d&rsquo;Art-th\u00e9rapie<\/a><\/p>\n\n\n\n<p><a href=\"https:\/\/www.ligue-cancer.net\/\" data-type=\"link\" data-id=\"https:\/\/www.ligue-cancer.net\/\">LIGUE CONTRE LE CANCER<\/a><\/p>\n\n\n\n<p><a href=\"https:\/\/www.institutdusein17.fr\/\" data-type=\"link\" data-id=\"https:\/\/www.institutdusein17.fr\/\">INSTITUT DU SEIN DE CHARENTE-MARITIME<\/a> <\/p>\n","protected":false},"excerpt":{"rendered":"<p>CABINET DU DOCTEUR ACINA PEDIATRE SYNDICAT FRAN\u00c7AIS DES ARTS-TH\u00c9RAPEUTES ASSOCIATION&nbsp; NATIONALE&nbsp;DE&nbsp; DRAMATH\u00c9RAPIE Soci\u00e9t\u00e9 Fran\u00e7aise de Psychopathologie de l&rsquo;Expression et d&rsquo;Art-th\u00e9rapie LIGUE CONTRE LE CANCER INSTITUT DU SEIN DE CHARENTE-MARITIME<\/p>\n","protected":false},"author":1,"featured_media":0,"parent":0,"menu_order":0,"comment_status":"closed","ping_status":"closed","template":"","meta":{"_themeisle_gutenberg_block_has_review":false,"footnotes":""},"class_list":["post-462","page","type-page","status-publish","hentry"],"_links":{"self":[{"href":"https:\/\/myriamleduffdramatherapeute.fr\/index.php\/wp-json\/wp\/v2\/pages\/462","targetHints":{"allow":["GET"]}}],"collection":[{"href":"https:\/\/myriamleduffdramatherapeute.fr\/index.php\/wp-json\/wp\/v2\/pages"}],"about":[{"href":"https:\/\/myriamleduffdramatherapeute.fr\/index.php\/wp-json\/wp\/v2\/types\/page"}],"author":[{"embeddable":true,"href":"https:\/\/myriamleduffdramatherapeute.fr\/index.php\/wp-json\/wp\/v2\/users\/1"}],"replies":[{"embeddable":true,"href":"https:\/\/myriamleduffdramatherapeute.fr\/index.php\/wp-json\/wp\/v2\/comments?post=462"}],"version-history":[{"count":7,"href":"https:\/\/myriamleduffdramatherapeute.fr\/index.php\/wp-json\/wp\/v2\/pages\/462\/revisions"}],"predecessor-version":[{"id":879,"href":"https:\/\/myriamleduffdramatherapeute.fr\/index.php\/wp-json\/wp\/v2\/pages\/462\/revisions\/879"}],"wp:attachment":[{"href":"https:\/\/myriamleduffdramatherapeute.fr\/index.php\/wp-json\/wp\/v2\/media?parent=462"}],"curies":[{"name":"wp","href":"https:\/\/api.w.org\/{rel}","templated":true}]}}