{"id":456,"date":"2024-01-13T17:27:56","date_gmt":"2024-01-13T16:27:56","guid":{"rendered":"https:\/\/myriamleduffdramatherapeute.fr\/?page_id=456"},"modified":"2025-10-17T10:09:19","modified_gmt":"2025-10-17T08:09:19","slug":"qui-suis-je","status":"publish","type":"page","link":"https:\/\/myriamleduffdramatherapeute.fr\/index.php\/qui-suis-je\/","title":{"rendered":"Qui suis-je ?"},"content":{"rendered":"\n<p class=\"has-medium-font-size\">Bienvenue \u00e0 vous, <\/p>\n\n\n\n<div style=\"height:33px\" aria-hidden=\"true\" class=\"wp-block-spacer\"><\/div>\n\n\n\n<div class=\"wp-block-columns is-layout-flex wp-container-core-columns-is-layout-28f84493 wp-block-columns-is-layout-flex\">\n<div class=\"wp-block-column is-layout-flow wp-container-core-column-is-layout-b2a27621 wp-block-column-is-layout-flow\" style=\"padding-top:0;padding-right:0;padding-bottom:0;padding-left:0;flex-basis:50%\">\n<figure class=\"wp-block-image size-full\"><img loading=\"lazy\" decoding=\"async\" width=\"780\" height=\"903\" src=\"https:\/\/myriamleduffdramatherapeute.fr\/wp-content\/uploads\/2025\/10\/moi-2.jpg\" alt=\"\" class=\"wp-image-876\" srcset=\"https:\/\/myriamleduffdramatherapeute.fr\/wp-content\/uploads\/2025\/10\/moi-2.jpg 780w, https:\/\/myriamleduffdramatherapeute.fr\/wp-content\/uploads\/2025\/10\/moi-2-259x300.jpg 259w, https:\/\/myriamleduffdramatherapeute.fr\/wp-content\/uploads\/2025\/10\/moi-2-768x889.jpg 768w\" sizes=\"auto, (max-width: 780px) 100vw, 780px\" \/><\/figure>\n<\/div>\n\n\n\n<div class=\"wp-block-column is-layout-flow wp-block-column-is-layout-flow\" style=\"flex-basis:50%\">\n<p style=\"font-size:20px\">Actuellement \u00e0 Djibouti, je suis heureuse de vous accueillir au sein du Cabinet du Docteur Acina \u00e0 Djibouti-Ville, je vous propose de m\u2019y retrouver du dimanche au jeudi, afin de vous proposer des accompagnements en individuel ou en groupe au gr\u00e9 de vos attentes et besoins.\u00a0<\/p>\n<\/div>\n<\/div>\n\n\n\n<div style=\"height:30px\" aria-hidden=\"true\" class=\"wp-block-spacer\"><\/div>\n\n\n\n<p class=\"has-normal-font-size\">Je suis Art-th\u00e9rapeute dipl\u00f4m\u00e9e de l\u2019universit\u00e9 Paris V du Master sciences humaines et sociales, mention Arts-Th\u00e9rapies, sp\u00e9cialit\u00e9 Dramath\u00e9rapie depuis 2012 et adh\u00e9rente de l\u2019<a href=\"https:\/\/dramatherapiefrance.wixsite.com\/associationnationale\" data-type=\"link\" data-id=\"https:\/\/dramatherapiefrance.wixsite.com\/associationnationale\">Association Nationale de Dramath\u00e9rapie<\/a>.<\/p>\n\n\n\n<p class=\"has-normal-font-size\">En tant que Dramath\u00e9rapeute, j\u2019accompagne depuis dix-sept ans les personnes adultes, jeunes adultes et adolescentes dans leurs projets et \u00e0 travers leurs productions plastiques, au retissage des liens : corps\/\u00e9motions\/cr\u00e9ativit\u00e9, en utilisant diff\u00e9rentes m\u00e9diations. <\/p>\n\n\n\n<div style=\"height:30px\" aria-hidden=\"true\" class=\"wp-block-spacer\"><\/div>\n\n\n\n<h2 class=\"wp-block-heading\" style=\"font-size:25px\">Les m\u00e9diations que j\u2019utilise pour vous accompagner :<\/h2>\n\n\n\n<div style=\"height:30px\" aria-hidden=\"true\" class=\"wp-block-spacer\"><\/div>\n\n\n\n<div class=\"wp-block-columns is-layout-flex wp-container-core-columns-is-layout-28f84493 wp-block-columns-is-layout-flex\">\n<div class=\"wp-block-column is-layout-flow wp-block-column-is-layout-flow\" style=\"flex-basis:50%\">\n<div style=\"height:100px\" aria-hidden=\"true\" class=\"wp-block-spacer\"><\/div>\n\n\n\n<div id=\"wp-block-themeisle-blocks-slider-07561985\" class=\"wp-block-themeisle-blocks-slider glide\" data-per-view=\"1\" data-gap=\"0\" data-peek=\"0\" data-autoplay=\"true\" data-height=\"400px\" data-hide-arrows=\"false\"><div class=\"glide__track\" data-glide-el=\"track\"><div class=\"glide__slides\"><div class=\"wp-block-themeisle-blocks-slider-item-wrapper glide__slide\" tabindex=\"0\"><figure><img decoding=\"async\" class=\"wp-block-themeisle-blocks-slider-item\" src=\"https:\/\/myriamleduffdramatherapeute.fr\/wp-content\/uploads\/2024\/02\/IMG_0979.jpeg\" alt=\"\" title=\"\" data-id=\"789\"\/><\/figure><\/div><div class=\"wp-block-themeisle-blocks-slider-item-wrapper glide__slide\" tabindex=\"0\"><figure><img decoding=\"async\" class=\"wp-block-themeisle-blocks-slider-item\" src=\"https:\/\/myriamleduffdramatherapeute.fr\/wp-content\/uploads\/2024\/02\/65265221684__A225CFB0-11CB-4C2C-A89F-6A58830C1EC8.jpeg\" alt=\"\" title=\"\" data-id=\"790\"\/><\/figure><\/div><div class=\"wp-block-themeisle-blocks-slider-item-wrapper glide__slide\" tabindex=\"0\"><figure><img decoding=\"async\" class=\"wp-block-themeisle-blocks-slider-item\" src=\"https:\/\/myriamleduffdramatherapeute.fr\/wp-content\/uploads\/2024\/02\/IMG_0118.jpeg\" alt=\"\" title=\"\" data-id=\"783\"\/><\/figure><\/div><div class=\"wp-block-themeisle-blocks-slider-item-wrapper glide__slide\" tabindex=\"0\"><figure><img decoding=\"async\" class=\"wp-block-themeisle-blocks-slider-item\" src=\"https:\/\/myriamleduffdramatherapeute.fr\/wp-content\/uploads\/2024\/02\/IMG_9961-scaled.jpeg\" alt=\"\" title=\"\" data-id=\"782\"\/><\/figure><\/div><div class=\"wp-block-themeisle-blocks-slider-item-wrapper glide__slide\" tabindex=\"0\"><figure><img decoding=\"async\" class=\"wp-block-themeisle-blocks-slider-item\" src=\"https:\/\/myriamleduffdramatherapeute.fr\/wp-content\/uploads\/2024\/02\/IMG_9771-scaled.jpeg\" alt=\"\" title=\"\" data-id=\"781\"\/><\/figure><\/div><\/div><div class=\"glide__bullets\" data-glide-el=\"controls[nav]\"><button class=\"glide__bullet\" data-glide-dir=\"=0\"><\/button><button class=\"glide__bullet\" data-glide-dir=\"=1\"><\/button><button class=\"glide__bullet\" data-glide-dir=\"=2\"><\/button><button class=\"glide__bullet\" data-glide-dir=\"=3\"><\/button><button class=\"glide__bullet\" data-glide-dir=\"=4\"><\/button><\/div><\/div><\/div>\n<\/div>\n\n\n\n<div class=\"wp-block-column is-layout-flow wp-block-column-is-layout-flow\" style=\"flex-basis:50%\">\n<ul class=\"wp-block-list has-normal-font-size\">\n<li>La principale m\u00e9diation que j\u2019utilise est le th\u00e9\u00e2tre avec ses outils : l&rsquo;expression corporelle, la marionnette, le clown, le jeu masqu\u00e9, l&rsquo;\u00e9criture, la cr\u00e9ation de conte, la m\u00e9moire sensorielle et affective, l&rsquo;improvisation, le jeu de r\u00f4le, la relaxation dynamique.<\/li>\n<\/ul>\n\n\n\n<ul class=\"wp-block-list\">\n<li>La seconde m\u00e9diation que j&rsquo;utilise, met en avant mes comp\u00e9tences en tant que plasticienne avec les arts plastiques en utilisant : le modelage de la terre, la sculpture, la peinture, le dessin, le collage, la bande dessin\u00e9e, la photographie et la vid\u00e9o.<\/li>\n<\/ul>\n\n\n\n<ul class=\"wp-block-list\">\n<li>La derni\u00e8re m\u00e9diation que j&rsquo;utilise est ancr\u00e9e dans les nouvelles technologies, avec les outils de montage de vid\u00e9o, de musique assist\u00e9e par ordinateur, et de retouche d&rsquo;image.<\/li>\n<\/ul>\n<\/div>\n<\/div>\n\n\n\n<div style=\"height:30px\" aria-hidden=\"true\" class=\"wp-block-spacer\"><\/div>\n\n\n\n<h2 class=\"wp-block-heading\" style=\"font-size:25px\">Mes influences :<\/h2>\n\n\n\n<div class=\"wp-block-columns is-layout-flex wp-container-core-columns-is-layout-28f84493 wp-block-columns-is-layout-flex\">\n<div class=\"wp-block-column is-layout-flow wp-block-column-is-layout-flow\">\n<div style=\"height:135px\" aria-hidden=\"true\" class=\"wp-block-spacer\"><\/div>\n\n\n\n<p style=\"margin-top:0;margin-right:var(--wp--preset--spacing--50);margin-bottom:0;margin-left:var(--wp--preset--spacing--50);font-size:20px\">Mes influences vont de Augusto Boal \u00e0 Walter Orioli, en passant par Jean-Fran\u00e7ois Dusigne \u00e0 Philippe Avron.\u00a0<\/p>\n<\/div>\n\n\n\n<div class=\"wp-block-column is-layout-flow wp-block-column-is-layout-flow\">\n<div id=\"wp-block-themeisle-blocks-slider-4f59d52e\" class=\"wp-block-themeisle-blocks-slider glide\" data-per-view=\"1\" data-gap=\"0\" data-peek=\"0\" data-autoplay=\"true\" data-height=\"400px\" data-hide-arrows=\"false\"><div class=\"glide__track\" data-glide-el=\"track\"><div class=\"glide__slides\"><div class=\"wp-block-themeisle-blocks-slider-item-wrapper glide__slide\" tabindex=\"0\"><figure><img decoding=\"async\" class=\"wp-block-themeisle-blocks-slider-item\" src=\"https:\/\/myriamleduffdramatherapeute.fr\/wp-content\/uploads\/2024\/02\/IMG_2124.jpeg\" alt=\"\" title=\"\" data-id=\"805\"\/><\/figure><\/div><div class=\"wp-block-themeisle-blocks-slider-item-wrapper glide__slide\" tabindex=\"0\"><figure><img decoding=\"async\" class=\"wp-block-themeisle-blocks-slider-item\" src=\"https:\/\/myriamleduffdramatherapeute.fr\/wp-content\/uploads\/2024\/02\/IMG_2125.jpeg\" alt=\"\" title=\"\" data-id=\"804\"\/><figcaption>Jean-Fran\u00e7ois Dusigne<\/figcaption><\/figure><\/div><div class=\"wp-block-themeisle-blocks-slider-item-wrapper glide__slide\" tabindex=\"0\"><figure><img decoding=\"async\" class=\"wp-block-themeisle-blocks-slider-item\" src=\"https:\/\/myriamleduffdramatherapeute.fr\/wp-content\/uploads\/2024\/02\/IMG_2126.jpeg\" alt=\"\" title=\"\" data-id=\"803\"\/><figcaption>Philippe Avron<\/figcaption><\/figure><\/div><div class=\"wp-block-themeisle-blocks-slider-item-wrapper glide__slide\" tabindex=\"0\"><figure><img decoding=\"async\" class=\"wp-block-themeisle-blocks-slider-item\" src=\"https:\/\/myriamleduffdramatherapeute.fr\/wp-content\/uploads\/2024\/02\/IMG_2127.jpeg\" alt=\"\" title=\"\" data-id=\"802\"\/><figcaption>Walter Orioli<\/figcaption><\/figure><\/div><\/div><div class=\"glide__bullets\" data-glide-el=\"controls[nav]\"><button class=\"glide__bullet\" data-glide-dir=\"=0\"><\/button><button class=\"glide__bullet\" data-glide-dir=\"=1\"><\/button><button class=\"glide__bullet\" data-glide-dir=\"=2\"><\/button><button class=\"glide__bullet\" data-glide-dir=\"=3\"><\/button><\/div><\/div><\/div>\n<\/div>\n<\/div>\n\n\n\n<div style=\"height:30px\" aria-hidden=\"true\" class=\"wp-block-spacer\"><\/div>\n\n\n\n<h2 class=\"wp-block-heading\" style=\"font-size:30px\">Ils m\u2019ont fait confiance :<\/h2>\n\n\n\n<div style=\"height:30px\" aria-hidden=\"true\" class=\"wp-block-spacer\"><\/div>\n\n\n\n<div id=\"wp-block-themeisle-blocks-slider-8feb96af\" class=\"wp-block-themeisle-blocks-slider glide\" data-per-view=\"1\" data-gap=\"0\" data-peek=\"0\" data-autoplay=\"true\" data-height=\"400px\" data-hide-arrows=\"false\"><div class=\"glide__track\" data-glide-el=\"track\"><div class=\"glide__slides\"><div class=\"wp-block-themeisle-blocks-slider-item-wrapper glide__slide\" tabindex=\"0\"><figure><img decoding=\"async\" class=\"wp-block-themeisle-blocks-slider-item\" src=\"https:\/\/myriamleduffdramatherapeute.fr\/wp-content\/uploads\/2024\/02\/IMG_2340.jpeg\" alt=\"\" title=\"\" data-id=\"828\"\/><figcaption>B\u00e9n\u00e9vole et adh\u00e9rente de l\u2019association pour le d\u00e9veloppement des soins palliatifs de 2018 \u00e0 aujourd\u2019hui.<\/figcaption><\/figure><\/div><div class=\"wp-block-themeisle-blocks-slider-item-wrapper glide__slide\" tabindex=\"0\"><figure><img decoding=\"async\" class=\"wp-block-themeisle-blocks-slider-item\" src=\"https:\/\/myriamleduffdramatherapeute.fr\/wp-content\/uploads\/2024\/02\/IMG_2121.jpeg\" alt=\"\" title=\"\" data-id=\"744\"\/><figcaption>Maison de retraite la c\u00e9riseraie \u00e0 Montmorency en 2010.<\/figcaption><\/figure><\/div><div class=\"wp-block-themeisle-blocks-slider-item-wrapper glide__slide\" tabindex=\"0\"><figure><img decoding=\"async\" class=\"wp-block-themeisle-blocks-slider-item\" src=\"https:\/\/myriamleduffdramatherapeute.fr\/wp-content\/uploads\/2024\/02\/IMG_2123.jpeg\" alt=\"\" title=\"\" data-id=\"751\"\/><figcaption>Le Foyer d\u2019accueil m\u00e9dicalis\u00e9 \u00ab&nbsp;la maison de l\u2019Alisier&nbsp;\u00bb de 2006 \u00e0 2011.<\/figcaption><\/figure><\/div><div class=\"wp-block-themeisle-blocks-slider-item-wrapper glide__slide\" tabindex=\"0\"><figure><img decoding=\"async\" class=\"wp-block-themeisle-blocks-slider-item\" src=\"https:\/\/myriamleduffdramatherapeute.fr\/wp-content\/uploads\/2024\/02\/IMG_2122.jpeg\" alt=\"\" title=\"\" data-id=\"750\"\/><figcaption>Stage en m\u00e9diation artistique \u00ab&nbsp;le clown et l\u2019\u00e9criture slam&nbsp;\u00bb avec \u00c9ric Morin-Racine en 2010-2011.<\/figcaption><\/figure><\/div><div class=\"wp-block-themeisle-blocks-slider-item-wrapper glide__slide\" tabindex=\"0\"><figure><img decoding=\"async\" class=\"wp-block-themeisle-blocks-slider-item\" src=\"https:\/\/myriamleduffdramatherapeute.fr\/wp-content\/uploads\/2024\/02\/IMG_2120.jpeg\" alt=\"\" title=\"\" data-id=\"741\"\/><figcaption>La Fondation Hospitali\u00e8re Sainte Marie, Foyer d\u2019accueil m\u00e9dicalis\u00e9, CAJ et IME, de 2012 \u00e0 2017.<\/figcaption><\/figure><\/div><\/div><div class=\"glide__bullets\" data-glide-el=\"controls[nav]\"><button class=\"glide__bullet\" data-glide-dir=\"=0\"><\/button><button class=\"glide__bullet\" data-glide-dir=\"=1\"><\/button><button class=\"glide__bullet\" data-glide-dir=\"=2\"><\/button><button class=\"glide__bullet\" data-glide-dir=\"=3\"><\/button><button class=\"glide__bullet\" data-glide-dir=\"=4\"><\/button><\/div><\/div><\/div>\n\n\n\n<div style=\"height:30px\" aria-hidden=\"true\" class=\"wp-block-spacer\"><\/div>\n\n\n\n<h2 class=\"wp-block-heading\" style=\"font-size:30px\">Un peu plus sur moi :<\/h2>\n\n\n\n<div style=\"height:30px\" aria-hidden=\"true\" class=\"wp-block-spacer\"><\/div>\n\n\n\n<p class=\"has-normal-font-size\">Mon activit\u00e9 d&rsquo;art-th\u00e9rapeute se d\u00e9place \u00e0 Djibouti dans le cadre professionnel d&rsquo;un suivi de conjoint, apr\u00e8s avoir travaill\u00e9 pendant de nombreuses ann\u00e9es dans des institutions m\u00e9dico-sociales qui m&rsquo;ont fait confiance pour aider les personnes victimes de traumatismes divers \u00e0 trouver un mieux \u00eatre au quotidien et dans le cadre de mon cabinet d&rsquo;art-th\u00e9rapie en Charente-Maritime.<\/p>\n\n\n\n<p><\/p>\n\n\n\n<p><\/p>\n","protected":false},"excerpt":{"rendered":"<p>Bienvenue \u00e0 vous, Actuellement \u00e0 Djibouti, je suis heureuse de vous accueillir au sein du Cabinet du Docteur Acina \u00e0 Djibouti-Ville, je vous propose de m\u2019y retrouver du dimanche au jeudi, afin de vous proposer des accompagnements en individuel ou en groupe au gr\u00e9 de vos attentes et besoins.\u00a0 Je suis Art-th\u00e9rapeute dipl\u00f4m\u00e9e de l\u2019universit\u00e9 [&hellip;]<\/p>\n","protected":false},"author":1,"featured_media":0,"parent":0,"menu_order":0,"comment_status":"closed","ping_status":"closed","template":"","meta":{"_themeisle_gutenberg_block_has_review":false,"footnotes":""},"class_list":["post-456","page","type-page","status-publish","hentry"],"_links":{"self":[{"href":"https:\/\/myriamleduffdramatherapeute.fr\/index.php\/wp-json\/wp\/v2\/pages\/456","targetHints":{"allow":["GET"]}}],"collection":[{"href":"https:\/\/myriamleduffdramatherapeute.fr\/index.php\/wp-json\/wp\/v2\/pages"}],"about":[{"href":"https:\/\/myriamleduffdramatherapeute.fr\/index.php\/wp-json\/wp\/v2\/types\/page"}],"author":[{"embeddable":true,"href":"https:\/\/myriamleduffdramatherapeute.fr\/index.php\/wp-json\/wp\/v2\/users\/1"}],"replies":[{"embeddable":true,"href":"https:\/\/myriamleduffdramatherapeute.fr\/index.php\/wp-json\/wp\/v2\/comments?post=456"}],"version-history":[{"count":90,"href":"https:\/\/myriamleduffdramatherapeute.fr\/index.php\/wp-json\/wp\/v2\/pages\/456\/revisions"}],"predecessor-version":[{"id":890,"href":"https:\/\/myriamleduffdramatherapeute.fr\/index.php\/wp-json\/wp\/v2\/pages\/456\/revisions\/890"}],"wp:attachment":[{"href":"https:\/\/myriamleduffdramatherapeute.fr\/index.php\/wp-json\/wp\/v2\/media?parent=456"}],"curies":[{"name":"wp","href":"https:\/\/api.w.org\/{rel}","templated":true}]}}